27 a composite number?
False
Is 711971773 prime?
True
Is 1552141487 a composite number?
True
Is 242819699 composite?
False
Is 783895835 composite?
True
Is 59672677 composite?
False
Is 58574516817 a composite number?
True
Is 85685194762 a composite number?
True
Is 3330802823 prime?
False
Is 273405759641 a composite number?
True
Is 51406376447 composite?
False
Is 7226341123 a composite number?
False
Is 10412436859 prime?
False
Is 6287163559 a prime number?
False
Is 1089771631 composite?
True
Is 2244716171 prime?
True
Is 610015891 a composite number?
False
Is 10103903983 composite?
True
Is 5798078449 a composite number?
False
Is 6454134061 a composite number?
False
Is 54623392601 composite?
False
Is 9781963195 a prime number?
False
Is 707161643 a composite number?
False
Is 27134125531 composite?
True
Is 1694463959 prime?
True
Is 24501077521 composite?
True
Is 17783528639 prime?
True
Is 66659389 a prime number?
False
Is 5585670929 a composite number?
True
Is 522936913 prime?
True
Is 1248393469 composite?
True
Is 478388159 composite?
False
Is 18654422551 composite?
False
Is 381393581 prime?
False
Is 4483224307 prime?
False
Is 139602157 prime?
False
Is 919029311 a prime number?
True
Is 9196607723 a prime number?
False
Is 158961031 a prime number?
False
Is 1690897667 composite?
False
Is 27608920593 a composite number?
True
Is 248608211681 prime?
False
Is 1849191647 a composite number?
False
Is 850252687 composite?
True
Is 44301885209 a prime number?
False
Is 27752771353 a prime number?
True
Is 16490214311 composite?
False
Is 8835443 prime?
False
Is 1658878961 composite?
True
Is 1078350433 a composite number?
True
Is 105949997 a prime number?
True
Is 1315942123 composite?
True
Is 235161041 prime?
True
Is 2842495219 composite?
False
Is 572513651 a composite number?
False
Is 40237288279 a prime number?
False
Is 416090737 prime?
True
Is 7325774509 prime?
True
Is 96405272351 composite?
False
Is 1533913133 a composite number?
False
Is 51190546801 a composite number?
True
Is 1178634479 a prime number?
False
Is 15993449 a composite number?
True
Is 333225241 a composite number?
True
Is 154655655977 a composite number?
False
Is 291433868471 composite?
True
Is 10114240919 composite?
False
Is 284087093 a composite number?
True
Is 1858555147 prime?
True
Is 919484228033 composite?
True
Is 3776401117 a composite number?
False
Is 5250832627 composite?
False
Is 1117792821 composite?
True
Is 4555993691 a prime number?
False
Is 3424791361 prime?
False
Is 2108378023 composite?
True
Is 17568106571 prime?
True
Is 19997917357 a composite number?
True
Is 454137209 a prime number?
False
Is 812357323 composite?
False
Is 28955468869 a prime number?
False
Is 2959004723 prime?
False
Is 1296968381 a composite number?
False
Is 23591722147 a prime number?
False
Is 593816641 a prime number?
False
Is 2011451999 prime?
False
Is 701241127 prime?
True
Is 3441267569 a composite number?
False
Is 512796881 a prime number?
False
Is 196254407 composite?
True
Is 18679463329 composite?
False
Is 19908125789 a prime number?
True
Is 3986882267 a prime number?
True
Is 99557846617 prime?
False
Is 133727228157 composite?
True
Is 3423540079 composite?
True
Is 1278303953 composite?
True
Is 2815316143 a composite number?
True
Is 126249696023 prime?
False
Is 128398541 a composite number?
True
Is 4192546945 a composite number?
True
Is 587825989 prime?
True
Is 3317306389 prime?
False
Is 4044423323 composite?
False
Is 21726574951 composite?
False
Is 294045399611 a prime number?
False
Is 10840811357 a composite number?
False
Is 10550487037 a composite number?
False
Is 898893481 composite?
False
Is 52736352107 prime?
True
Is 225460031 a prime number?
False
Is 347943329 composite?
True
Is 18874872949 a composite number?
False
Is 17813807233 a prime number?
False
Is 75540305845 composite?
True
Is 116431875893 a prime number?
False
Is 44413117459 prime?
True
Is 51970729 a composite number?
False
Is 8733897797 a composite number?
False
Is 2937327929 a composite number?
False
Is 8189261741 a composite number?
True
Is 6857580971 a prime number?
True
Is 2848265429 a prime number?
True
Is 1217646361 a composite number?
False
Is 341200543 a composite number?
False
Is 12966650077 composite?
True
Is 695539709 a composite number?
False
Is 321657253 composite?
True
Is 36321324047 a composite number?
False
Is 23278816063 a composite number?
True
Is 661272889 prime?
True
Is 874056179 composite?
False
Is 17217091279 prime?
False
Is 744957827 prime?
True
Is 14016237497 a composite number?
False
Is 8518467443 a composite number?
True
Is 327361949 a prime number?
False
Is 9193286411 prime?
True
Is 66519710549 prime?
True
Is 10163936605 composite?
True
Is 849392965 a prime number?
False
Is 60888014273 a composite number?
True
Is 385322233 composite?
False
Is 2827644779 prime?
True
Is 119489262911 a prime number?
True
Is 9473309 prime?
False
Is 107433628573 a prime number?
True
Is 25843342229 composite?
True
Is 1342574663 a composite number?
False
Is 90505019 prime?
False
Is 6231720739 a prime number?
False
Is 17496071291 a composite number?
False
Is 79847437 prime?
False
Is 252982591 a prime number?
True
Is 13340054267 a prime number?
True
Is 5630559553 a prime number?
True
Is 136656853 prime?
False
Is 18368669507 composite?
True
Is 239349619423 a prime number?
True
Is 908875453 a prime number?
False
Is 15660271279 a composite number?
False
Is 2210471449 a composite number?
True
Is 7581107605 composite?
True
Is 156163511137 composite?
True
Is 49780712389 a composite number?
False
Is 1449390907 a composite number?
False
Is 93384854 prime?
False
Is 16554753119 a prime number?
False
Is 1094459551 composite?
True
Is 6445083817 a prime number?
False
Is 17983904891 composite?
False
Is 10729112677 prime?
True
Is 29184108209 a prime number?
False
Is 306618149 a composite number?
True
Is 103060779307 a composite number?
False
Is 6398517751 composite?
True
Is 17738112589 a composite number?
False
Is 616801217 composite?
False
Is 11977483997 a prime number?
False
Is 13917985973 a composite number?
False
Is 359542285 a prime number?
False
Is 32156923919 a composite number?
False
Is 639192089 a prime number?
True
Is 415400509 a prime number?
True
Is 83097767 a composite number?
False
Is 1656536579 prime?
False
Is 1712974307 a composite number?
True
Is 154303063 a prime number?
True
Is 3650867777 prime?
True
Is 19716932087 prime?
False
Is 181576363 composite?
False
Is 25801689509 a prime number?
True
Is 691328399 prime?
True
Is 3370933 a composite number?
False
Is 21027227731 composite?
False
Is 6869707763 composite?
True
Is 30897017 a prime number?
True
Is 25913309041 composite?
False
Is 294511169 prime?
True
Is 128583827 prime?
True
Is 1830169361 composite?
False
Is 15259738093 prime?
False
Is 50691721 composite?
False
Is 160512160387 composite?
True
Is 8189942353 prime?
True
Is 6556890009 a composite number?
True
Is 4868168453 composite?
False
Is 735335203 a composite number?
False
Is 100948751 prime?
True
Is 1057273057 prime?
True
Is 17959812877 a composite number?
True
Is 311183267 a prime number?
False
Is 4574626531 a composite number?
False
Is 9771694523 a prime number?
True
Is 1582893057 a composite number?
True
Is 454778403 composite?
True
Is 13949735087 a prime number?
True
Is 2843927417 a prime number?
True
Is 1740903059 prime?
False
Is 2149401013 composite?
True
Is 254299453 composite?
False
Is 7374414263 a prime number?
False
Is 496994963 a prime number?
True
Is 77516216191 composite?
True
Is 54929985881 prime?
False
Is 2835999671 a prime number?
True
Is 22561587167 composite?
True
Is 1240504777 a prime number?
True
Is 11649740819 prime?
True
Is 1982292119 a composite number?
False
Is 1425679097 prime?
True
Is 2919586273 prime?
False
Is 16319577053 prime?
False
Is 469854481 a composite number?
False
Is 1926737747 a composite number?
True
Is 171342467 prime?
False
Is 65090789957 prime?
False
Is 13385537779 prime?
False
Is 439450001 prime?
True
Is 726523939 prime?
False
Is 725637851 a composite number?
False
Is 836114977 composite?
False
Is 8585477 composite?
False
Is 275109223 prime?
True
Is 558288839 prime?
True
Is 3253477079 a prime number?
True
Is 3919938287 composite?
True
Is 22213252679 prime?
True
Is 3936646799 prime?
